1784767 a multiple of 7?
False
Is 25 a factor of 3738609?
False
Is 1231472 a multiple of 86?
False
Is 3577 a multiple of 49?
True
Is 1092559 a multiple of 794?
False
Is 1347276 a multiple of 43?
True
Does 18 divide 427120?
False
Is 144050 a multiple of 191?
False
Is 13 a factor of 519701?
True
Is 328 a factor of 121346?
False
Is 5 a factor of 44245?
True
Does 105 divide 829895?
False
Is 614388 a multiple of 12?
True
Is 1851 a factor of 5979387?
False
Is 13 a factor of 42770?
True
Is 254790 a multiple of 190?
True
Is 8 a factor of 142406?
False
Is 1049720 a multiple of 644?
True
Does 69 divide 2242688?
False
Is 16 a factor of 29709356?
False
Does 172 divide 1509472?
True
Is 286 a factor of 187044?
True
Is 264 a factor of 397848?
True
Does 84 divide 306557?
False
Is 2300417 a multiple of 217?
True
Does 63 divide 910413?
True
Is 551419 a multiple of 11?
True
Is 4786617 a multiple of 31?
True
Is 285 a factor of 6258600?
True
Is 7 a factor of 41667?
False
Does 843 divide 4267266?
True
Is 134240 a multiple of 160?
True
Is 2304 a multiple of 4?
True
Does 2 divide 10267?
False
Is 594662 a multiple of 6?
False
Is 74760 a multiple of 30?
True
Does 137 divide 69268?
False
Is 72032 a multiple of 8?
True
Does 334 divide 8285127?
False
Is 189922 a multiple of 392?
False
Is 5287068 a multiple of 102?
True
Is 2910316 a multiple of 7?
False
Does 14 divide 27678?
True
Does 72 divide 4607352?
True
Is 847267 a multiple of 616?
False
Is 75420 a multiple of 9?
True
Is 315761 even?
False
Is 111 a factor of 263958?
True
Is 4848536 a multiple of 154?
True
Does 348 divide 10332120?
True
Is 1118488 a multiple of 14?
True
Does 66 divide 3502950?
True
Is 296304 a multiple of 16?
True
Does 185 divide 372751?
False
Is 510196 a multiple of 6?
False
Does 53 divide 119909?
False
Does 12 divide 691404?
True
Does 9 divide 465750?
True
Is 524 a multiple of 2?
True
Does 60 divide 3063060?
True
Is 8996864 a multiple of 736?
True
Is 46 a factor of 2981076?
True
Is 22568 a multiple of 31?
True
Is 56465 a multiple of 142?
False
Is 313 a factor of 5872082?
False
Is 733 a factor of 718340?
True
Is 5659423 a multiple of 371?
False
Is 101760 a multiple of 128?
True
Is 33770 a multiple of 215?
False
Is 263 a factor of 35477?
False
Does 202 divide 7888504?
True
Is 81 a factor of 1004319?
True
Is 4373684 a multiple of 1726?
True
Is 172 a factor of 11910?
False
Does 81 divide 91863?
False
Is 145 a factor of 180628?
False
Is 930444 a multiple of 51?
True
Does 574 divide 960876?
True
Is 291213 a multiple of 131?
True
Is 104 a factor of 34671936?
True
Does 90 divide 597216?
False
Does 436 divide 612179?
False
Is 7108722 a multiple of 486?
True
Is 1532645 a multiple of 623?
False
Is 20302812 a multiple of 1686?
True
Is 14 a factor of 212353?
False
Does 26 divide 114946?
True
Is 147 a factor of 366765?
True
Is 304980 a multiple of 345?
True
Is 1207164 a multiple of 49?
True
Does 42 divide 2437890?
True
Does 12 divide 472280?
False
Is 2 a factor of 600862?
True
Does 40 divide 82200?
True
Does 72 divide 300128?
False
Is 9 a factor of 1910533?
False
Does 34 divide 28356?
True
Is 643075 a multiple of 13?
False
Is 47355 a multiple of 41?
True
Is 3 a factor of 186242?
False
Is 115548 a multiple of 238?
False
Is 88 a factor of 281459?
False
Does 43 divide 222310?
True
Is 27 a factor of 1168?
False
Is 13 a factor of 25639042?
True
Does 19 divide 120935?
True
Is 7 a factor of 1107911?
True
Does 6 divide 28428?
True
Is 2741816 a multiple of 154?
True
Does 44 divide 1065944?
True
Is 293035 a multiple of 7?
False
Does 3 divide 3055755?
True
Is 38 a factor of 2108734?
True
Is 124 a factor of 23138?
False
Is 5503453 a multiple of 13?
False
Does 16 divide 21696826?
False
Is 15 a factor of 705030?
True
Does 53 divide 261184?
True
Is 446905 a multiple of 28?
False
Does 17 divide 112438?
True
Is 543 a factor of 286704?
True
Is 142176 a multiple of 50?
False
Is 24 a factor of 26888?
False
Is 15 a factor of 50460?
True
Does 120 divide 7943661?
False
Is 3780 a multiple of 126?
True
Does 246 divide 179826?
True
Is 1034 a factor of 891308?
True
Is 358062 a multiple of 885?
False
Does 97 divide 264977?
False
Does 825 divide 5676000?
True
Is 2394696 a multiple of 452?
True
Is 29 a factor of 103472?
True
Is 47793 a multiple of 4?
False
Is 154521 a multiple of 97?
True
Is 11 a factor of 9221738?
False
Is 283137 a multiple of 609?
False
Does 336 divide 22396310?
False
Is 147167 a multiple of 13?
False
Is 272 a factor of 7613008?
True
Is 221904 a multiple of 39?
False
Does 384 divide 2264448?
True
Is 200304 a multiple of 12?
True
Is 11 a factor of 97046?
False
Does 288 divide 6383808?
True
Is 1074676 a multiple of 29?
False
Is 41 a factor of 13789?
False
Is 73 a factor of 58254?
True
Is 22 a factor of 292138?
True
Is 8 a factor of 7931895?
False
Is 6214429 a multiple of 113?
False
Is 35 a factor of 485555?
True
Does 65 divide 17873245?
True
Is 60 a factor of 7291080?
True
Is 8453835 a multiple of 351?
True
Is 10 a factor of 1174480?
True
Is 13099653 a multiple of 120?
False
Is 11 a factor of 1681108?
True
Does 22 divide 33077?
False
Is 4802256 a multiple of 9?
True
Is 138276 a multiple of 12?
True
Does 211 divide 324940?
True
Does 44 divide 901514?
False
Does 177 divide 3831447?
False
Is 12 a factor of 2544273?
False
Does 47 divide 404388?
True
Is 1669292 a multiple of 89?
False
Does 5 divide 1983585?
True
Is 3161857 a multiple of 17?
False
Is 30 a factor of 80224?
False
Is 2012932 a multiple of 14?
False
Is 18 a factor of 216882?
True
Is 736023 a multiple of 69?
True
Is 49616 a multiple of 30?
False
Is 16869240 a multiple of 60?
True
Is 6 a factor of 83862?
True
Does 159 divide 56286?
True
Does 824 divide 2840259?
False
Is 128028 a multiple of 141?
True
Does 381 divide 6481376?
False
Does 11 divide 1238807?
False
Does 53 divide 309993?
False
Is 27 a factor of 37076?
False
Is 1394426 a multiple of 403?
False
Does 121 divide 361669?
True
Does 70 divide 463555?
False
Does 29 divide 52026?
True
Does 56 divide 408016?
True
Is 37 a factor of 100492?
True
Is 160400 a multiple of 200?
True
Does 33 divide 464640?
True
Does 3 divide 63331?
False
Is 61090 a multiple of 149?
True
Is 275508 a multiple of 9?
True
Is 14 a factor of 2194598?
True
Does 215 divide 864424?
False
Is 4 a factor of 3164759?
False
Does 1233 divide 296391?
False
Is 1696576 a multiple of 16?
True
Is 3954993 a multiple of 196?
False
Is 979492 a multiple of 174?
False
Does 11 divide 16451?
False
Is 22 a factor of 346214?
True
Is 152705 a multiple of 50?
False
Is 1028730 a multiple of 233?
False
Is 971499 a multiple of 443?
True
Is 3193868 a multiple of 31?
True
Is 60092 even?
True
Does 18 divide 11650651?
False
Is 750 a factor of 902075?
False
Is 11118660 a multiple of 1932?
True
Is 2057905 a multiple of 67?
True
Is 12 a factor of 25520?
False
Is 169244 a multiple of 10?
False
Is 1719524 a multiple of 128?
False
Is 89 a factor of 390318?
False
Is 5 a factor of 32208?
False
Is 43 a factor of 2243654?
True
Is 86258 a multiple of 59?
True
Is 34 a factor of 361556?
True
Is 2718102 a multiple of 6?
True
Is 1441137 a multiple of 34?
False
Is 163770 a multiple of 6?
True
Is 18 a factor of 471960?
True
Does 141 divide 109275?
True
Is 24 a factor of 150840?
True
Does 17 divide 205445?
True
Is 15 a factor of 2311740?
True
Does 788 divide 20572803?
False
Is 40 a factor of 4255625?
False
Is 13623 a multiple of 3?
True
Is 656 a factor of 436409?
False
Is 2142518 a multiple of 7?
True
Is 1420299 a multiple of 2?
False
Is 24 a factor of 39936?
True
Is 249323 a multiple of 25?
False
Does 8 divide 250427?
False
Is 2 a factor of 51084?
True
Is 1452 a factor of 27313431?
False
Is 3543820 a multiple of 35?
True
Does 18 divide 652986?
True
Does 8 divide 599635?
False
Does 522 divide 499981?
False
Does 126 divide 157122?
True
Is 73040 a multiple of 4?
True
Does 117 divide 3447517?
False
Does 261 divide 2404071?
True
Does 6 divide 22810?
False
Is 5580 a multiple of 93?
True
Does 90 divide 323910?
True
Is 13 a factor of 67114?
False
Does 12 divide 255677?
False
Does 80 divide 561920?
True
Is 18401 a multiple of 5?
False
Does 16 divide 298784?
True
Is 31 a factor of 47027?
True
Is 25 a factor of 121095?
False
Is 7236096 a multiple of 336?
True
Does 47 divide 45134?
False
Is 744244 a mult